*3/3 - 3*t**2 + 6*t - 2. Let b be c(3). Is k(b) a prime number?
False
Suppose -4388 = -c - 0*c - 2*y, 2*c + 5*y - 8774 = 0. Suppose -c + 922 = -5*s. Is s a composite number?
True
Let n(g) = g**2 + 53*g - 38. Let b be n(30). Let v = b + 345. Is v a prime number?
True
Is ((-469)/49)/((-2)/21434) a prime number?
False
Let r(k) = -32227*k - 10282. Is r(-17) a composite number?
True
Let y = -35 - -40. Suppose 2*p + 3*n - 261 = 0, y*p - 877 = 5*n - 262. Let v = p - 29. Is v prime?
True
Is 13569016/32 + ((-1)/2)/((-48)/(-72)) a prime number?
False
Let u(i) = i**3 + 3*i**2 - 2*i - 6. Let y be u(-2). Suppose -3*o + 147 = 2*q - 3540, 3727 = y*q - 5*o. Is q a composite number?
True
Is (-10)/15*(-8301)/2 a composite number?
False
Let x(r) = 1126*r**2 + 21*r - 68. Let n be x(4). Suppose 4*p + g = n, -17*g + 14*g = -p + 4495. Is p a prime number?
True
Suppose 2*o + 515122 = -r + 1406705, 4*r - 3566322 = 2*o. Is r a composite number?
True
Is (-1 + 0)/1 + 72317 + 51 a composite number?
False
Is ((-2540660)/6)/((-402)/603) composite?
True
Let f be (2/4)/((-16)/(-160)). Suppose f*b = -2*t + 3*t - 6257, 2*t = 5*b + 12504. Is t a prime number?
True
Suppose 3942 = 4*u - 1410. Let b = 5247 + u. Suppose -4*o + 1827 = -b. Is o composite?
True
Let x(i) = -i - 47. Let y be x(-23). Is (1068/16)/(y/(-32)) composite?
False
Let z(n) = 0*n**2 - 28*n + 2*n**2 + 138*n + 2*n**2 - 103. Is z(-42) prime?
True
Let k(d) be the first derivative of -339*d**2/2 - 55*d - 90. Is k(-8) prime?
True
Suppose 2*v + 5*a = 9, 2*v - a - 4 + 1 = 0. Suppose -2*w = -5*w - 3*q - 375, 653 = -5*w + v*q. Let l = 272 + w. Is l a prime number?
False
Suppose -5*q + 9*y = -922532, -y - 10 = -17. Is q a prime number?
False
Let l = -49566 - -81425. Is l prime?
True
Suppose 3 + 1 = -3*u + 2*a, 0 = 3*u + 2*a - 16. Is 1426/18 - u/9 a prime number?
True
Let k be (12/(-10))/((-157)/20 + 8). Is (2/k)/(1 - 257049/257036) prime?
True
Let r(o) = 13557*o + 141. Let b be r(38). Is b/87 + 4/(-58) prime?
True
Let q(b) = -329*b - 45. Let a be q(7). Let g = a + 4179. Let s = g + -194. Is s composite?
False
Suppose -5*b + 3721216 - 231907 = -2*u, -2*b + 3*u + 1395728 = 0. Is b prime?
False
Let p(l) = -7*l**3 - 12*l**2 + 17*l + 51. Is p(-11) a prime number?
False
Let i = 403 - 395. Suppose -i*w + 11*w = 3129. Is w prime?
False
Suppose 3*y + 3 = 4*g, 18 = 5*g + 3*y - 2*y. Suppose -g*f + 5*d + 53 = 0, 0 = d + 4*d + 5. Suppose f*r - 69 = 15*r. Is r prime?
False
Suppose 5190078 + 2531947 = 25*k. Is k a prime number?
False
Let r(p) = -259*p**3 - p**2 + p + 7. Let g be r(-2). Let c = g - 688. Is c a prime number?
False
Suppose -220*m = 19*m - 244714729. Is m composite?
True
Suppose 17*q - 35308 = 21*q - 326376. Is q a prime number?
True
Let o be -5*(-10)/40*32/10. Suppose -4*s = -6*s + o. Is (735/6 + 2)*s prime?
False
Let u be 9 - -74 - 1*-1. Let b = 96 - u. Is 18280/b + 3/(-9) a composite number?
False
Suppose 2*s - 3*q = 19 + 22, -5*q = -s + 38. Is s/39*(-15237)/6*-2 a prime number?
True
Suppose -3 = g - 3. Let k be 2 + g*((-4)/(-8) + 0). Suppose -k*j = -4*c - 2410, 3*j = j + 3*c + 2414. Is j composite?
False
Is (-502012)/(-10) + (-12)/720*12 composite?
True
Let u = 195396 - -174689. Is u a composite number?
True
Let r be 4 + (4/12 - 4/3). Is 1965/(r - -2)*106/6 a prime number?
False
Let d = -313 + 169. Let c be d/64*(-2 + 4 - -10). Is (-6)/c + -1 + 74600/45 composite?
False
Suppose -4*q = -5*k - 1237992, -3*q + 359281 = 3*k - 569240. Is q composite?
False
Let x = -1877 + 4051. Let q = x - 481. Is q prime?
True
Let a be (7/4)/(1/4). Is 4/a - (0 + 48390/(-14)) a prime number?
True
Suppose -2 = -3*z - 2. Suppose 11*h = -z - 0. Suppose 0 = 4*w - 3*r - 14026, 0 = -h*w - 5*w + 4*r + 17533. Is w prime?
False
Let g(b) = -b**2 - 10*b + 27. Let v be g(-12). Suppose f - 3*i - 3369 = -2*f, -v*f - i = -3353. Is f prime?
False
Suppose 13*k - 1224 = 4*k. Suppose -k = 8*y - 1552. Is y a composite number?
True
Suppose 7*p - 1 = -106. Let y(k) = -8*k + 2*k**3 + 21*k + 16*k**2 + 19 - k**3. Is y(p) prime?
False
Suppose -4*y + 5*g + 9033 = 0, -2*g + 9 = g. Suppose 3*l - 6*u - y = -2*u, l + 2*u = 754. Suppose 1883 + l = 9*d. Is d prime?
True
Let d be 9/3 + 2780/4. Let z = 3033 - d. Is z prime?
False
Let f = 947 - 629. Let q = f + 8101. Is q a prime number?
True
Let n be 312/84 - (-2)/7. Let v be (-2 - (2 - n))/(-3). Suppose x - c - 55 = -v*c, 0 = x - 2*c - 52. Is x composite?
True
Let a be (0 - -1)*(-15 - -84). Let p(t) = 43*t - 20. Let l be p(9). Suppose q = l - a. Is q prime?
False
Let o = 61 - 9. Let b be (-1)/(-4) + (-758433)/o. Let z = -10084 - b. Is z prime?
False
Let d be 7*(-2 - -4 - -476). Let v = d + 303. Is v a composite number?
True
Suppose -23*v = 35*v - 529*v + 10587138. Is v a composite number?
True
Let g be (-32)/(-80) - 205884/10. Is g/(-14)*203/58 composite?
False
Suppose -5*z + 498049 = -2*j, -2*j - 2575 + 102168 = z. Is z composite?
False
Suppose 427*z + 11516 = 425*z. Is z*((-207)/18 + 5) prime?
False
Let z(j) = j**2 - 15*j - 9. Let g be z(15). Let m(w) = -w**2 - 11*w - 20. Let q be m(g). Is 0 + q/(-5) + 69459/65 a prime number?
True
Let x = 1080234 + -725591. Is x a prime number?
True
Suppose 17*j = -259 + 1211. Suppose 2*z = -2*i + i + 147, 0 = z - 3*i - j. Is z a prime number?
True
Let s = 10057 - -6114. Is s prime?
False
Let b(y) = 6694*y**2 - 818*y + 3266. Is b(4) prime?
False
Let f be 1 + (-44)/((-2)/1)*1. Suppose f*c - 11494 = 9*c. Suppose 0 = 4*l + 249 - c. Is l prime?
False
Let k = -164024 - -341031. Is k a prime number?
True
Let y(o) = -3*o**3 + 33*o**2 - 6*o + 22. Let h be y(16). Let t = h - -6235. Is t composite?
True
Suppose -21*p + 13*p = -17848. Let f = p - 877. Is f composite?
True
Let g(n) = 12991*n**3 + 4*n**2 + n - 1. Let d(s) = -s**3 - 2*s**2 + 1. Let r(q) = 2*d(q) + g(q). Is r(1) a composite number?
True
Is ((-2)/12)/(6/(-21776)*(-172)/(-387)) prime?
True
Let f(b) = b**3 - 5*b**2 - 15*b + 8. Let i be f(7). Let n be 0*i/4 + 1429. Suppose 5*x - n = 926. Is x a prime number?
False
Is 46809178/2490 - (-2)/15 a composite number?
True
Suppose -7*r - 17*r = 400663 - 1774447. Is r composite?
False
Let u(n) = -n**3 - 17*n**2 + 20*n + 24. Let t be u(-18). Is 2/t*3*-1334 a composite number?
True
Suppose 25*h - 24*h - 5570 = 0. Suppose -4*l - l = -3*t - 5530, 0 = 5*l + 5*t - h. Is l a composite number?
False
Suppose -5*i + 8*i - 9 = 0, -3*d + 15 = i. Suppose -3*y = -2*n + 117, -n + 63 = -d*y + y. Let v = n - -273. Is v a composite number?
True
Is 525/50*1310388/18 composite?
True
Suppose -5*f = 2*v - 7161, -262 = -v + 4*f + 3351. Is v a composite number?
False
Let w(z) = -3*z - 1. Let i(c) = -10*c - 4. Let v(s) = 4*i(s) - 14*w(s). Let f be v(5). Suppose f*h = -h + 4527. Is h composite?
False
Let q(g) = g**2 - g + 7. Let a be q(0). Suppose -a*t + 390 + 30 = 0. Let f = 179 + t. Is f a prime number?
True
Suppose -44705 = -3*i + 4*n, 4*i - 59608 = -3*n + 7*n. Is i composite?
True
Let m be 16*7/28 - 1. Suppose 126708 = 9*t + m*t. Is t a composite number?
False
Let k(p) = -2*p + 54. Let b(a) = 3*a - 1. Let r be b(6). Let q be k(r). Is (-2)/q - 137733/(-30) prime?
True
Suppose 0 = 35*p - 113 - 62. Suppose 19199 - 64 = p*f. Is f composite?
True
Let k(b) = -100*b**3 - 87*b**2 - 24*b + 34. Is k(-15) prime?
True
Suppose 0 = -33*d + 1768271 + 82402. Is d composite?
False
Let h be 16*((-115)/20 - -6). Suppose -266 + 6493 = t - h*y, -5*y + 6191 = t. Is t a composite number?
False
Suppose 685872 = 30*j - 63*j. Is (-58)/(-551) - j/19 prime?
False
Is (2218/(-4))/((-515)/301790) a prime number?
False
Suppose 0 = 13*r - 5*r - 24. Suppose -u - r = -7. Suppose -u*l - 2*l + 4206 = 0. Is l a composite number?
False
Suppose 0 = 3*s - 6*d - 1110375, 103*s + 3*d - 740229 = 101*s. Is s a composite number?
True
Suppose -25 - 35 = 10*u. Is (-7 + (-1977)/18)*u a prime number?
True
Suppose 5*r - 791351 = i, -95676 + 412184 = 2*r + 5*i. Is r a prime number?
True
Is (-3 - -1)*(62 - 56) + 516511 prime?
True
Suppose 14*d = 10*d - 2416. Let s = d + 1335. Suppose 4*n - s - 416 = -3*j, 5*n = 20. Is j a composite number?
True
Suppose 2*o + 834 - 248 = 3*p, 984 = 5*p + 4*o. Let n = p - 22. Suppose -n = t - 1093. Is t prime?
True
Let f be ((-3231)/(-12))/(-1*(-9)/420). Let u = 20358 - f. Is u prime?
True
Suppose 20*c + 42088 = 212268. Is c a prime number